- 2 - 7*q. Let z be -6 - 2/(2 - 4). Determine s(z).
23
Suppose 3*l + 5*w - 19 = 0, -4*l + w - 19 + 6 = 0. Let u(x) = -25*x - 12. Let m(n) = -29*n - 14. Let y(i) = 6*m(i) - 7*u(i). Give y(l).
-2
Let y(a) = -a**3 - 7*a**2 - 11*a - 34. Suppose -37*z - 168 = -9*z. Determine y(z).
-4
Let g(n) = -1. Let t be (-11 + 0 - -3) + 3. Let w(x) = -x + 17. Let z(h) = t*g(h) - w(h). Suppose p + 25 = 3*r - 4*p, -2*r - p - 5 = 0. Calculate z(r).
-12
Let a be 2/(-8) + 42/8. Let z(t) = -5*t**2 + 7*t - 2. Let v(m) be the first derivative of -2*m**3 + 7*m**2/2 - m - 2. Let c(k) = -4*v(k) + 5*z(k). Give c(a).
4
Let l(o) = 2*o**3 + 89*o**2 + 41*o - 131. Let g be l(-44). Let r(p) = 2*p**2 - 3*p + 1. Give r(g).
0
Let o(y) = -5*y**2 + y + 2. Let t(j) = j**2 - j - 1. Let f(w) = o(w) + 6*t(w). Determine f(5).
-4
Let t(g) = -g**3 - 6*g - 9. Let l(u) = -u**3 - 3*u**2 - 7*u - 8. Let b(m) = 2*l(m) - 3*t(m). Give b(5).
6
Let b(s) = 16*s. Let r(i) = 47*i. Suppose 5*x - 2*x = -3*u - 30, 3*u + 2*x + 31 = 0. Let v(l) = u*b(l) + 4*r(l). Suppose -172*m - 183 = -355*m. Give v(m).
12
Let o = 0 - 2. Let p(z) = -15*z**3 + 107*z**2 + 24*z - 9. Let f(b) = -3*b**3 + 23*b**2 + 5*b - 2. Let d(n) = -14*f(n) + 3*p(n). Give d(o).
17
Let v(n) be the second derivative of n**3 + 5*n + 0 + 1/12*n**4 + 1/2*n**2. Let a = -7 - -2. Calculate v(a).
-4
Suppose -2*a - t = -6*t + 5, -t + 1 = 3*a. Let z be -7 + 2 + a + 12/4. Let m(u) = -2*u - 1. What is m(z)?
3
Let f(n) = n**2 + 4*n + 7. Let x be f(-3). Let j be ((-2)/x)/(2 + 68/(-32)). Let c(o) = -o**3 + 3*o**2 + 6*o - 1. Determine c(j).
7
Suppose -3*h + 8 = 2. Let t(r) = -h*r**2 + 0 - 3*r**3 - 1 + 2*r**3 - 2*r. Suppose 8*o = 5*o + 6*z + 3, 2*z = -2. What is t(o)?
0
Let f be -4 - (-11)/((-55)/10). Let s(v) = 2*v + 6. Give s(f).
-6
Let j(w) = -w**2 - 3*w + 3. Let a(v) = -v**2 - 2*v + 3. Let z(n) = -2*a(n) + 3*j(n). Determine z(5).
-47
Let z(l) be the third derivative of -l**4/12 - 4*l**3 + 2*l**2 - 77*l. What is z(-15)?
6
Let x be 2/(-13) - ((-1206)/234 - -4). Let h(y) = -50*y**2 - 1. Determine h(x).
-51
Suppose 4*b + 11 = 5*f, -b + 2*b - 2*f = -5. Let h(p) = 2 - b - 2*p - 5 - 3. Calculate h(-5).
3
Let h(q) = 10*q + 14. Let l(a) = 7*a + 12. Let v(i) = 4*h(i) - 6*l(i). What is v(-6)?
-4
Let r be 42/4*8/12. Let n(p) = -66*p + 2. Let s(q) = 13*q + 1. Let u(x) = -n(x) - 5*s(x). Calculate u(r).
0
Let m(d) be the second derivative of d**3/2 + 2*d**2 + 7*d - 3. Give m(3).
13
Let k(v) = 10*v**3 - 4*v - 13. Let z(d) = 3*d**3 - d - 4. Let n(o) = -o**3 + 14*o**2 - 11*o - 19. Let s be n(13). Let a(w) = s*z(w) - 2*k(w). Calculate a(2).
8
Let a(y) = -25*y**2 + 17*y**2 + y**3 + 9*y**2 + 0 + 8. Give a(0).
8
Let p(b) = 3*b**2 - b**2 - b**2 - 6*b - 5. Suppose -85 = -o - 80. What is p(o)?
-10
Let v(r) = -6*r**2 + 8*r - 1. Let a(h) = 7*h**2 - 10*h + 2. Let o(q) = -3*a(q) - 4*v(q). Calculate o(-1).
3
Let m(j) = -j**2 + 2*j + 17. Let o(y) = -y**2 + y - 1. Let w(d) = m(d) - 2*o(d). Let i(z) be the first derivative of w(z). Determine i(-5).
-10
Let m(d) = d**3 - 5*d**2 + 5*d - 3. Suppose c = -4*f - 4 - 7, -3*f + 2*c - 22 = 0. Let o be (-3 - -1)*(f + 15/6). Calculate m(o).
-6
Let j be (-3)/2*(-140)/42. Let c(v) = v**3 - v + 1. Let n(d) = 6*d**3 - 5*d**2 - 3*d + 10. Let w(z) = j*c(z) - n(z). What is w(4)?
3
Let c(a) be the first derivative of -a**4/12 - a**2/2 + 11*a - 2. Let j(y) be the first derivative of c(y). Calculate j(2).
-5
Let c(i) = i - 1. Let a(g) = g - 2. Let m(n) = 3*a(n) - 4*c(n). Calculate m(0).
-2
Let n(y) = -9*y - 18. Suppose 4*s + 18 = 5*k - 15, 5*k = s + 27. Let u be n(s). Let q(d) be the second derivative of -d**3/6 + 9*d**2/2 - d. Determine q(u).
9
Let f(q) = -q - 10. Suppose 2*j + 69 = 3*h + 106, -h - 29 = -4*j. What is f(h)?
-1
Let u(z) = -z**3 - 7*z**2 - 4*z + 8. Let r(h) = -h + 3*h - 1 - 3*h. Let i be (-5)/((3 - 10)/7). Let p be r(i). What is u(p)?
-4
Let o(i) = -6*i - 111. Let s be o(-19). Let f(b) be the first derivative of 6*b + 1. Let w(h) = h - 5. Let k(p) = s*w(p) + 2*f(p). Calculate k(4).
9
Let p(o) = 3*o + 10. Suppose -4*i - 4*q - 30 = i, 2*i - 4*q + 40 = 0. What is p(i)?
-20
Let j(d) = d**2 + 8*d + 3. Let c(f) = -f**3 + 8*f**2 + 3*f - 16. Let g be c(8). Let p = g - 16. What is j(p)?
3
Suppose a + 3*n = -4, -26*a + 25*a + 5*n + 4 = 0. Let c(t) = -t**3 - 3*t**2 + 2. What is c(a)?
0
Let j(s) = -s**3 - 2*s**2 + 3*s - 1. Let i(x) = 3*x + 3. Let n be i(-2). Let v be j(n). Let k(m) = m + 1 - 655*m**2 + 0 + 662*m**2. Determine k(v).
7
Suppose 5*c - 39 = -214. Let l be 24/10 - (-14)/c. Let b(r) = r - l - 3 + 1. Calculate b(7).
3
Let c(z) = 0*z - z + 4*z - 4 - 2*z - z**3 - 2*z**2. Let l be c(-3). Let f(g) = 7*g**l - 3*g - 6*g**2 - 5 - 3*g. Give f(6).
-5
Let f(h) be the first derivative of 8*h**3/3 + 5*h**2/2 - 4*h + 79. Determine f(1).
9
Let h(w) = w + 2. Let c = -303 - -311. Determine h(c).
10
Suppose -12 - 1 = w + 3*g, -5*g - 25 = 0. Let i be (-3)/(w/(12/(-9))). Suppose a - 25 = -3*a + z, 0 = -3*a + i*z + 25. Let l(b) = b**2 - 4*b - 5. Give l(a).
0
Suppose -21*x + 17*x = 4. Let o(z) = 12*z. Give o(x).
-12
Let g(x) be the second derivative of -10*x - 1/6*x**3 + 0 - x**2. What is g(-8)?
6
Let a(j) = -4*j + 2. Let r be a(-3). Let u be 5 - 3 - (-10 - -5). Let o(z) = 5*z + 2 + z**3 + 6 + u*z**2 - r. Give o(-6).
0
Let u(o) = -18*o + 16. Let y(w) = w + 3. Let x(a) = -u(a) + 5*y(a). Calculate x(-1).
-24
Let o(j) = -4*j**2 + 13*j - 3. Let g(n) = -3*n**2 + 12*n - 2. Let u(i) = 3*g(i) - 2*o(i). Let f = 826 - 818. Give u(f).
16
Let u = 56 - 50. Let v(n) = -n**3 + 5*n**2 + 5*n - 9. What is v(u)?
-15
Let m(g) = g**3 + 5*g**2 + 4*g + 5. Let h(w) = 294*w**2 - 8*w + 4 - 293*w**2 + 7. Let x be h(5). Determine m(x).
5
Let r = -101 - -100. Let f(a) = 7*a**2 + a + 1. Calculate f(r).
7
Let j(a) be the third derivative of -a**6/120 - a**5/12 + a**4/24 + 2*a**3/3 + 158*a**2. Determine j(-4).
-16
Suppose u + 5 = 22. Suppose 4*h - 4*p = -1 + u, 0 = 2*p. Let b(t) = t**2 + h + 19*t + 0 - 7*t - 4*t. What is b(-6)?
-8
Let a(i) = 2*i + 2. Let l be a(12). Let z be l/7 - (-4)/14. Let m(w) = -10*w + 4 - 11*w + 1 + 20*w. Determine m(z).
1
Let v(g) be the second derivative of -g**4/12 + 4*g**3/3 - 4*g**2 + 47*g. Calculate v(7).
-1
Let y(v) = -v + 5. Let g(d) = 4*d - 18. Let k be g(7). Let h be (-5)/2*(-16)/k. What is y(h)?
1
Let u be 5*((-32)/(-10))/4. Suppose 8 + 32 = u*n. Let i be ((-44)/(-55))/((-4)/n). Let l(y) = 2*y + 1. Calculate l(i).
-3
Let b(a) be the first derivative of a**4/4 + 8*a**3/3 + 5*a**2/2 + 2*a - 36. What is b(-7)?
16
Let o(a) = a**3 + 5*a**2 + a - 5. Let l(m) = -m + 11. Let s be l(9). Let n be s/1*(-17 + 4). Let h = n - -21. Give o(h).
-10
Let q be -5*(0/(-1) + -1). Let h(r) = q*r + 3*r**3 + 11 - 3*r - 12. What is h(1)?
4
Suppose 0 = -2*b - 3*i + 18, 0*i - 6 = -2*b + 3*i. Suppose 3*q + b = -0*q. Let j = q - -3. Let h(r) = r**2 - r + 1. Give h(j).
1
Let w be 2/7 + (-6)/21. Suppose 0 = 2*o - w*o - 10. Let d be o - ((-3)/3 + 1). Let g(a) = a**2 - 8*a + 6. Determine g(d).
-9
Let h(b) = -4*b - 32. Let n(w) = 2*w + 18. Let y(t) = 3*h(t) + 5*n(t). What is y(8)?
-22
Let t(x) = -2*x**2 + 48*x - 44. Let b be t(23). Let g(u) = u**2 + 0 + 0*u - 1 + 5*u**2 - u. Calculate g(b).
21
Let v be (-4 - 32/(-6))*6. Suppose -7*l + 15*l - v = 0. Let f(a) = 6*a**2 + a + 7. Let u(o) = -9*o**2 - o - 10. Let b(h) = 7*f(h) + 5*u(h). Calculate b(l).
-2
Let w(l) = l**2 - l - 5. Let q = 178 - 174. Calculate w(q).
7
Let i(p) = p**2 + 5*p + 1. Let a be 0 + 1 - (42 - 35). Calculate i(a).
7
Let p = -93 - -108. Suppose 5*s = p + 35. Let k(x) = x**3 - 10*x**2 - 3. What is k(s)?
-3
Let j be (1 + 0)/((-7)/35). Let f(z) = -15*z**2 + 3. Let d(h) be the second derivative of 2*h**4/3 - h**2/2 + 3*h. Let t(r) = j*d(r) - 2*f(r). Give t(-1).
-11
Let p(a) = 2*a**3 - 13*a**2 + 4*a - 5. Let j(i) = i**3 - 2*i**2 - i + 1. Let w(d) = 3*j(d) - p(d). Give w(-8).
0
Let o(b) be the first derivative of -b**4/4 - 4*b**3/3 + 4*b**2 + 3*b + 472. Determine o(-5).
-12
Let q be 10/5 - 4/1. Let f = q + 5. Let b(m) = f - 4 - 1 + 2*m. What is b(-4)?
-10
Let s(j) = -5. Let g(o) = -o**2 - 6*o - 19. Let l(x) = -g(x) + 4*s(x). Determine l(-5).
-6
Let c(u) = 15*u**3 - 2*u**2 + 1. Suppose 11*k - 7 + 18 = 0. What is c(k)?
-16
Suppose -24 = -f - 32. Let p = f - -12. Let q(h) be the first derivative of -h**4/4 + 5*h**3/3 - 2*h**2 + 5*h + 1. 